 is 746 + 163407?
164153
In base 4, what is 220030330130 + 210?
220030331000
In base 7, what is -24513 + -152144?
-206660
In base 12, what is -1a2 - 26095b?
-260b41
In base 5, what is -2014 - 14321?
-21340
In base 12, what is -93278 + -365?
-93621
In base 5, what is 13144401 + 42204?
13242110
In base 15, what is -1994125 - -3?
-1994122
In base 16, what is d0ee + 2cfb?
fde9
In base 14, what is -65c289b + 0?
-65c289b
In base 3, what is -1021201222020 - -211?
-1021201221102
In base 14, what is 96926 - -22?
96948
In base 2, what is 10110000111101111000010011011 - -1?
10110000111101111000010011100
In base 12, what is 41159 - -28?
41185
In base 14, what is -3 + -583a469?
-583a46c
In base 14, what is -98a - ca?
-a76
In base 3, what is 1110022011 + -2122221?
1100122020
In base 15, what is e4cb9b - 22?
e4cb79
In base 4, what is -310313102030 - -2?
-310313102022
In base 7, what is 236 + -230026?
-226460
In base 12, what is b12 + 25396b?
254881
In base 5, what is 1 - -1033111043?
1033111044
In base 4, what is -1112 + 11132032?
11130320
In base 6, what is 122245433502 - -3?
122245433505
In base 16, what is -d6b2ea - 1?
-d6b2eb
In base 11, what is 1073512 - 80?
1073442
In base 9, what is 28 + -4161130?
-4161101
In base 10, what is 1608547 - -17?
1608564
In base 13, what is 51 - 688a8?
-68857
In base 14, what is -113 + a5d9?
a4c6
In base 13, what is -529268a + 11?
-5292679
In base 14, what is 0 - -3549973?
3549973
In base 3, what is -2112210120221202 + 111?
-2112210120221021
In base 3, what is -11 + 1111101010012112?
1111101010012101
In base 15, what is 1bb787 - e?
1bb778
In base 13, what is -2ca5b39 + 11?
-2ca5b28
In base 13, what is -16758121 + 7?
-16758117
In base 11, what is 548 - -5?
552
In base 6, what is 2031300540 + -2?
2031300534
In base 16, what is -6 + 1be9f7?
1be9f1
In base 11, what is -1435624 + -50?
-1435674
In base 2, what is 100110000 + 110000101000101011100?
110000101001010001100
In base 15, what is 1 - -19b3d?
19b3e
In base 9, what is 7438036 - 33?
7438003
In base 6, what is 244 - 155310?
-155022
In base 10, what is -1741 + 1649?
-92
In base 13, what is 22 - -6c5a83?
6c5aa5
In base 9, what is 132543 + 878?
133532
In base 5, what is 1241434032 - -241?
1241434323
In base 6, what is -5 - 30430511?
-30430520
In base 13, what is -24c + -16ab5?
-17034
In base 6, what is 24020155410 + 2?
24020155412
In base 5, what is 2030202111232 - -10?
2030202111242
In base 16, what is -4d731 + -1?
-4d732
In base 8, what is -157302345 + 5?
-157302340
In base 5, what is 2 - -20331423?
20331430
In base 16, what is -6713 + -e?
-6721
In base 12, what is -10115781 - 5?
-10115786
In base 4, what is 12 + 1213031102?
1213031120
In base 9, what is 2283452 + -321?
2283131
In base 14, what is -95326 + -b?
-95333
In base 12, what is 110442 + 3b?
110481
In base 12, what is -4b0b41 - 16?
-4b0b57
In base 7, what is 12253213 - -2226?
12255442
In base 5, what is 33200 - -11141?
44341
In base 15, what is 2 + 404836d?
4048370
In base 14, what is -66cb9b3 + -2?
-66cb9b5
In base 9, what is -7010337 - 5?
-7010343
In base 13, what is -534a444 - -5?
-534a43c
In base 13, what is b81630 + 38?
b81668
In base 8, what is 37313 + 21451?
60764
In base 10, what is 1094 + 31171?
32265
In base 3, what is 10120210210122220 + 10?
10120210210200000
In base 6, what is 552342 - -1154?
553540
In base 2, what is -10001110100011010000 - -1010110?
-10001110100001111010
In base 8, what is 47 + -7450024?
-7447755
In base 9, what is -483 + -415363?
-415856
In base 10, what is 1 - -36511952?
36511953
In base 13, what is -15 + 592c5c?
592c47
In base 10, what is 98187 - 611?
97576
In base 3, what is 222 + 1012022202021?
1012022210020
In base 2, what is -1100101010010010111110110 + 101?
-1100101010010010111110001
In base 10, what is 3513596 - -15?
3513611
In base 5, what is -42 - -3242112333?
3242112241
In base 7, what is 4 - -225124333?
225124340
In base 9, what is -2034 + 1761?
-163
In base 11, what is -102653 + -5a?
-102702
In base 12, what is -b686 + -349?
-ba13
In base 12, what is -124bb2 - -37?
-124b77
In base 7, what is 111660 - 6304?
102353
In base 14, what is -2 + -7c5b2ac?
-7c5b2b0
In base 14, what is 20 + -133c66?
-133c46
In base 12, what is 3 + -a3909b?
-a39098
In base 2, what is 110 - 1000000011010001101101?
-1000000011010001100111
In base 2, what is -1010101010100111111110001 + 101?
-1010101010100111111101100
In base 6, what is -142 - -103413014?
103412432
In base 6, what is -3 + -4134423514?
-4134423521
In base 4, what is -2120 + 313232?
311112
In base 8, what is 123267660 + -3?
123267655
In base 6, what is -3125414 - -110?
-3125304
In base 14, what is 12a21b - 6?
12a215
In base 14, what is -7bcbd7 - 7?
-7bcc00
In base 16, what is 320730 - -1?
320731
In base 8, what is 5472 + -1223?
4247
In base 10, what is 41314802 - -1?
41314803
In base 11, what is 15396 - -27?
15412
In base 4, what is -221331121 + -30212?
-222021333
In base 9, what is -3 + 417105032?
417105028
In base 13, what is 1 - -104c478?
104c479
In base 13, what is 9392 + -372?
9020
In base 16, what is -f3d9 + -f1?
-f4ca
In base 5, what is -1430 + -142412?
-144342
In base 5, what is -1213300024323 - -1?
-1213300024322
In base 7, what is -14112334 - 146?
-14112513
In base 11, what is -351101 - 26?
-351127
In base 6, what is -5044 - -1410432?
1401344
In base 3, what is -1020201211101 + 1122021?
-1020200012010
In base 16, what is ad6f + -e3c?
9f33
In base 3, what is -10010202 - 2000121?
-12011100
In base 6, what is -244 - 355233523?
-355234211
In base 14, what is -21636 + -2da3?
-245d9
In base 5, what is 4 - 1011343312?
-1011343303
In base 3, what is -11 - -10202000021212101?
10202000021212020
In base 7, what is -3150423 - -1060?
-3146333
In base 12, what is 8b + -733?
-664
In base 7, what is 4 - -1046205463?
1046205500
In base 3, what is -120 + 202122200102121?
202122200102001
In base 8, what is -33 - 26164476?
-26164531
In base 14, what is 1cd91 + -9a?
1ccd5
In base 15, what is 90 - -29778?
29818
In base 10, what is -4176 + -20577?
-24753
In base 3, what is -10222 - 21120022220112?
-21120100001111
In base 4, what is -100023010 - -1233?
-100021111
In base 5, what is -11012 + 141232223?
141221211
In base 6, what is 340403 - 1143?
335220
In base 9, what is 724684 - -36?
724731
In base 3, what is 21200210 - -200110102?
222011012
In base 3, what is -11 - -121011200100121?
121011200100110
In base 11, what is 79 + 2332465?
2332533
In base 14, what is -37cb88 - -c?
-37cb7a
In base 2, what is 110000000100001001 + -1110?
110000000011111011
In base 12, what is 4 - -a95553?
a95557
In base 8, what is 4 + 62404200?
62404204
In base 13, what is -1620 + -15006?
-16626
In base 7, what is 64 - 14203201?
-14203104
In base 16, what is -143c + -2b0?
-16ec
In base 15, what is -1ab93 - -1e8?
-1a99a
In base 5, what is 113 - -21012032?
21012200
In base 15, what is 80e0c1 - -97?
80e168
In base 15, what is 365eb0d + -3?
365eb0a
In base 7, what is 636410 - 120?
636260
In base 4, what is -20111300213303 + -10?
-20111300213313
In base 3, what is 120212001220112 + 121?
120212001221010
In base 12, what is -121 - 5aa68?
-5ab89
In base 6, what is 2 + -114405031?
-114405025
In base 16, what is -b1 + 9dcf?
9d1e
In base 12, what is -26 + 2737a6?
273780
In base 9, what is -3350856 - -10?
-3350846
In base 10, what is -2363304 + 6?
-2363298
In base 12, what is -4 - -11b50158?
11b50154
In base 12, what is -16 + a6221?
a6207
In base 3, what is 1110010222 + -121222?
1102112000
In base 2, what is 1101100011111011 + -1100011?
1101100010011000
In base 7, what is -543315 - 2501?
-546116
In base 10, what is -114401003 + -8?
-114401011
In base 4, what is -2320 + -303233020?
-303302000
In base 8, what is 3 + -46724375?
-46724372
In base 6, what is -2333 - 23201132?
-23203505
In base 14, what is 30a + -21bd?
-1cb3
In base 14, what is -1b7063b + -3?
-1b70640
In base 3, what is 1020122010112 - -21112?
1020122102001
In base 10, what is 173460869 - -1?
173460870
In base 10, what is 83 + 14899?
14982
In base 9, what is 746 + 118707?
120554
In base 13, what is -1a9 - -76ac?
7503
In base 10, what is -50 + 1758392?
1758342
In base 9, what is 581 - 84420?
-83728
In base 8, what is 3257103 - -231?
3257334
In base 3, what is 10102000212201 - 2101?
10102000210100
In base 6, what is 33 + -53023